{"id":1780,"date":"2025-12-03T17:56:22","date_gmt":"2025-12-03T20:56:22","guid":{"rendered":"https:\/\/editorabelieve.com.br\/?post_type=product&#038;p=1780"},"modified":"2025-12-03T17:56:22","modified_gmt":"2025-12-03T20:56:22","slug":"inteiramente-teu","status":"publish","type":"product","link":"https:\/\/editorabelieve.com.br\/index.php\/produto\/inteiramente-teu\/","title":{"rendered":"Inteiramente Teu"},"content":{"rendered":"","protected":false},"excerpt":{"rendered":"<p>Inteiramente Teu: <span class=\"a_GcMg font-feature-liga-off font-feature-clig-off font-feature-calt-off text-decoration-none text-strikethrough-none\">Como amar a Deus com todo o cora\u00e7\u00e3o, a alma, a mente e as for\u00e7as<\/span><br \/>\nAutor: Ueliton de Jesus<br \/>\nP\u00e1ginas: 148<br \/>\nISBN: <a href=\"https:\/\/www.cblservicos.org.br\/servicos\/meus-livros\/visualizar\/?id=5fa3bec6-dfb9-f011-bbd3-002248e037cf\">978-65-01-78572-1<\/a><\/p>\n<p class=\"cvGsUA direction-ltr align-center para-style-body\"><span class=\"a_GcMg font-feature-liga-off font-feature-clig-off font-feature-calt-off text-decoration-none text-strikethrough-none\">Ser inteiramente de Deus \u00e9 mais do que seguir mandamentos \u2014 \u00e9 viver um amor total, que preenche o cora\u00e7\u00e3o, renova a mente, cura a alma e fortalece as for\u00e7as.<br \/>\n<\/span><span class=\"a_GcMg font-feature-liga-off font-feature-clig-off font-feature-calt-off text-decoration-none text-strikethrough-none\">Inspirado nas palavras de Jesus sobre o maior mandamento, este livro conduz o leitor a uma jornada de entrega e transforma\u00e7\u00e3o espiritual.<br \/>\n<\/span><span class=\"a_GcMg font-feature-liga-off font-feature-clig-off font-feature-calt-off text-decoration-none text-strikethrough-none\">Com base nas Escrituras e em experi\u00eancias vividas, Ueliton de Jesus revela como cada parte do nosso ser \u2014 o cora\u00e7\u00e3o, a mente, a alma e as for\u00e7as \u2014 se torna um campo onde o Esp\u00edrito Santo opera, cura e renova.<br \/>\n<\/span><span class=\"a_GcMg font-feature-liga-off font-feature-clig-off font-feature-calt-off text-decoration-none text-strikethrough-none\">Por meio das hist\u00f3rias de Davi, Neemias, Asafe, Paulo e outros servos de Deus, aprendemos que o amor verdadeiro n\u00e3o \u00e9 fragmentado, mas inteiro, constante e rendido ao Criador.<br \/>\n<\/span><span class=\"a_GcMg font-feature-liga-off font-feature-clig-off font-feature-calt-off text-decoration-none text-strikethrough-none\">Em cada cap\u00edtulo, o leitor \u00e9 convidado a examinar sua pr\u00f3pria caminhada e a permitir que o amor divino transforme tudo o que ainda n\u00e3o est\u00e1 entregue. <\/span><span class=\"a_GcMg font-feature-liga-off font-feature-clig-off font-feature-calt-off text-decoration-none text-strikethrough-none\">Ao final, voc\u00ea descobrir\u00e1 que amar a Deus inteiramente n\u00e3o \u00e9 um fardo, mas uma liberdade \u2014 a de viver plenamente pertencente \u00c0quele que o amou primeiro.<br \/>\n<\/span><span class=\"a_GcMg font-feature-liga-off font-feature-clig-off font-feature-calt-off text-decoration-none text-strikethrough-none\">Um livro para quem deseja reacender o primeiro amor, fortalecer a f\u00e9 e dizer de todo o cora\u00e7\u00e3o: \u201cSenhor, sou inteiramente Teu.\u201d<\/span><\/p>\n<p>&nbsp;<\/p>\n","protected":false},"featured_media":1781,"comment_status":"open","ping_status":"closed","template":"","meta":{"om_disable_all_campaigns":false,"_monsterinsights_skip_tracking":false,"_monsterinsights_sitenote_active":false,"_monsterinsights_sitenote_note":"","_monsterinsights_sitenote_category":0,"_kadence_starter_templates_imported_post":false,"_kad_post_transparent":"default","_kad_post_title":"","_kad_post_layout":"default","_kad_post_sidebar_id":"","_kad_post_content_style":"default","_kad_post_vertical_padding":"default","_kad_post_feature":"","_kad_post_feature_position":"","_kad_post_header":false,"_kad_post_footer":false,"_kad_post_classname":""},"product_brand":[],"product_cat":[20],"product_tag":[],"class_list":{"0":"post-1780","1":"product","2":"type-product","3":"status-publish","4":"has-post-thumbnail","6":"product_cat-livros","8":"first","9":"instock","10":"shipping-taxable","11":"purchasable","12":"product-type-simple","13":"entry","14":"content-bg","15":"loop-entry"},"aioseo_notices":[],"_links":{"self":[{"href":"https:\/\/editorabelieve.com.br\/index.php\/wp-json\/wp\/v2\/product\/1780","targetHints":{"allow":["GET"]}}],"collection":[{"href":"https:\/\/editorabelieve.com.br\/index.php\/wp-json\/wp\/v2\/product"}],"about":[{"href":"https:\/\/editorabelieve.com.br\/index.php\/wp-json\/wp\/v2\/types\/product"}],"replies":[{"embeddable":true,"href":"https:\/\/editorabelieve.com.br\/index.php\/wp-json\/wp\/v2\/comments?post=1780"}],"wp:featuredmedia":[{"embeddable":true,"href":"https:\/\/editorabelieve.com.br\/index.php\/wp-json\/wp\/v2\/media\/1781"}],"wp:attachment":[{"href":"https:\/\/editorabelieve.com.br\/index.php\/wp-json\/wp\/v2\/media?parent=1780"}],"wp:term":[{"taxonomy":"product_brand","embeddable":true,"href":"https:\/\/editorabelieve.com.br\/index.php\/wp-json\/wp\/v2\/product_brand?post=1780"},{"taxonomy":"product_cat","embeddable":true,"href":"https:\/\/editorabelieve.com.br\/index.php\/wp-json\/wp\/v2\/product_cat?post=1780"},{"taxonomy":"product_tag","embeddable":true,"href":"https:\/\/editorabelieve.com.br\/index.php\/wp-json\/wp\/v2\/product_tag?post=1780"}],"curies":[{"name":"wp","href":"https:\/\/api.w.org\/{rel}","templated":true}]}}