{"id":1761,"date":"2025-09-28T21:55:52","date_gmt":"2025-09-29T00:55:52","guid":{"rendered":"https:\/\/editorabelieve.com.br\/?post_type=product&#038;p=1761"},"modified":"2025-09-28T21:55:52","modified_gmt":"2025-09-29T00:55:52","slug":"a-jornada-da-promessa-a-caminho-do-cumprimento-profetico","status":"publish","type":"product","link":"https:\/\/editorabelieve.com.br\/index.php\/produto\/a-jornada-da-promessa-a-caminho-do-cumprimento-profetico\/","title":{"rendered":"A Jornada da Promessa: A Caminho do Cumprimento Prof\u00e9tico"},"content":{"rendered":"","protected":false},"excerpt":{"rendered":"<p>A Jornada da Promessa: A Caminho do Cumprimento Prof\u00e9tico<\/p>\n<p>Autora: Roze Lima<br \/>\nPaginas: 132<br \/>\nISBN <a href=\"https:\/\/www.cblservicos.org.br\/servicos\/meus-livros\/visualizar\/?id=5f242d5d-307a-f011-b4cc-00224836bcad\">978-65-01-63870-6<\/a><\/p>\n<p>Depois de A Jornada da F\u00e9, este livro \u00e9 mais do que a hist\u00f3ria de Roze Lima; \u00e9 um registro vivo do cuidado e da fidelidade de Deus. Entre cap\u00edtulos de desafios e vit\u00f3rias, l\u00e1grimas e sorrisos, voc\u00ea encontrar\u00e1 testemunhos reais de como o Senhor conduz cada passo, abre portas imposs\u00edveis, restaura relacionamentos e cumpre promessas que pareciam distantes. Ao virar cada p\u00e1gina, seja inspirado a confiar no Deus que v\u00ea, ouve e age \u2014 Aquele que, em Seu tempo perfeito, transforma ora\u00e7\u00f5es em realidade<strong>.<\/strong><\/p>\n","protected":false},"featured_media":1753,"comment_status":"open","ping_status":"closed","template":"","meta":{"om_disable_all_campaigns":false,"_monsterinsights_skip_tracking":false,"_monsterinsights_sitenote_active":false,"_monsterinsights_sitenote_note":"","_monsterinsights_sitenote_category":0,"_kadence_starter_templates_imported_post":false,"_kad_post_transparent":"default","_kad_post_title":"","_kad_post_layout":"default","_kad_post_sidebar_id":"","_kad_post_content_style":"default","_kad_post_vertical_padding":"default","_kad_post_feature":"","_kad_post_feature_position":"","_kad_post_header":false,"_kad_post_footer":false,"_kad_post_classname":""},"product_brand":[],"product_cat":[20],"product_tag":[],"class_list":{"0":"post-1761","1":"product","2":"type-product","3":"status-publish","4":"has-post-thumbnail","6":"product_cat-livros","8":"first","9":"instock","10":"shipping-taxable","11":"purchasable","12":"product-type-simple","13":"entry","14":"content-bg","15":"loop-entry"},"aioseo_notices":[],"_links":{"self":[{"href":"https:\/\/editorabelieve.com.br\/index.php\/wp-json\/wp\/v2\/product\/1761","targetHints":{"allow":["GET"]}}],"collection":[{"href":"https:\/\/editorabelieve.com.br\/index.php\/wp-json\/wp\/v2\/product"}],"about":[{"href":"https:\/\/editorabelieve.com.br\/index.php\/wp-json\/wp\/v2\/types\/product"}],"replies":[{"embeddable":true,"href":"https:\/\/editorabelieve.com.br\/index.php\/wp-json\/wp\/v2\/comments?post=1761"}],"wp:featuredmedia":[{"embeddable":true,"href":"https:\/\/editorabelieve.com.br\/index.php\/wp-json\/wp\/v2\/media\/1753"}],"wp:attachment":[{"href":"https:\/\/editorabelieve.com.br\/index.php\/wp-json\/wp\/v2\/media?parent=1761"}],"wp:term":[{"taxonomy":"product_brand","embeddable":true,"href":"https:\/\/editorabelieve.com.br\/index.php\/wp-json\/wp\/v2\/product_brand?post=1761"},{"taxonomy":"product_cat","embeddable":true,"href":"https:\/\/editorabelieve.com.br\/index.php\/wp-json\/wp\/v2\/product_cat?post=1761"},{"taxonomy":"product_tag","embeddable":true,"href":"https:\/\/editorabelieve.com.br\/index.php\/wp-json\/wp\/v2\/product_tag?post=1761"}],"curies":[{"name":"wp","href":"https:\/\/api.w.org\/{rel}","templated":true}]}}