{"id":1730,"date":"2025-04-04T22:00:22","date_gmt":"2025-04-05T01:00:22","guid":{"rendered":"https:\/\/editorabelieve.com.br\/?post_type=product&#038;p=1730"},"modified":"2025-04-04T22:00:22","modified_gmt":"2025-04-05T01:00:22","slug":"recortes-espirituais","status":"publish","type":"product","link":"https:\/\/editorabelieve.com.br\/index.php\/produto\/recortes-espirituais\/","title":{"rendered":"Recortes Espirituais"},"content":{"rendered":"","protected":false},"excerpt":{"rendered":"<p>Autor: Andr\u00e9 Lyra<br \/>\nP\u00e1ginas: 176<br \/>\nISBN: 978-65-00-44613-5<\/p>\n<p><strong data-start=\"158\" data-end=\"182\">Recortes Espirituais<\/strong> apresenta reflex\u00f5es teol\u00f3gicas sobre a realidade religiosa em contextos pentecostais e neopentecostais. Trata-se de an\u00e1lises de epis\u00f3dios espec\u00edficos \u2014 que n\u00e3o representam todas as comunidades de f\u00e9 \u2014 mas que revelam pr\u00e1ticas e discursos dignos de aten\u00e7\u00e3o. Com base b\u00edblica e compromisso com a edifica\u00e7\u00e3o da Igreja, temas como <em data-start=\"510\" data-end=\"546\">A Morte da Morte na Morte de Jesus<\/em>, <em data-start=\"548\" data-end=\"571\">Santo N\u00e3o Atira Pedra<\/em>, <em data-start=\"573\" data-end=\"594\">Diabolices no Culto<\/em> e <em data-start=\"597\" data-end=\"621\">Capetas Latifundi\u00e1rios<\/em> s\u00e3o tratados com seriedade e sensibilidade.<\/p>\n<p class=\"\" data-start=\"667\" data-end=\"945\">Muitos desses assuntos passam despercebidos por grande parte dos crist\u00e3os, seja por falta de tempo, interesse ou preparo no estudo das Escrituras. Este livro oferece cr\u00edticas bem-intencionadas e construtivas, com o prop\u00f3sito de instruir, corrigir e fortalecer o Corpo de Cristo.<br \/>\nQue cora\u00e7\u00f5es sinceros encontrem aqui um aux\u00edlio precioso do Esp\u00edrito Santo, e que aqueles que se desviaram possam ser despertados a restaurar sua comunh\u00e3o com Deus, pois \u201cos olhos do Senhor est\u00e3o em toda parte: Ele observa atentamente os maus e os bons\u201d (Prov\u00e9rbios 15:3 \u2013 KJA).<br \/>\n<strong data-start=\"1227\" data-end=\"1251\">Recortes Espirituais<\/strong> trar\u00e1 novas perspectivas para sua vida espiritual dentro da comunidade de f\u00e9, chamada por Deus para amar e sacrificar-se por seus irm\u00e3os e amigos. \u201cNingu\u00e9m tem maior amor do que aquele que d\u00e1 a sua vida pelos seus amigos\u201d (Jo\u00e3o 15:13).<\/p>\n","protected":false},"featured_media":1731,"comment_status":"open","ping_status":"closed","template":"","meta":{"om_disable_all_campaigns":false,"_monsterinsights_skip_tracking":false,"_monsterinsights_sitenote_active":false,"_monsterinsights_sitenote_note":"","_monsterinsights_sitenote_category":0,"_kadence_starter_templates_imported_post":false,"_kad_post_transparent":"default","_kad_post_title":"","_kad_post_layout":"default","_kad_post_sidebar_id":"","_kad_post_content_style":"default","_kad_post_vertical_padding":"default","_kad_post_feature":"","_kad_post_feature_position":"","_kad_post_header":false,"_kad_post_footer":false,"_kad_post_classname":""},"product_brand":[],"product_cat":[20],"product_tag":[],"class_list":{"0":"post-1730","1":"product","2":"type-product","3":"status-publish","4":"has-post-thumbnail","6":"product_cat-livros","8":"first","9":"instock","10":"sale","11":"shipping-taxable","12":"purchasable","13":"product-type-simple","14":"entry","15":"content-bg","16":"loop-entry"},"aioseo_notices":[],"_links":{"self":[{"href":"https:\/\/editorabelieve.com.br\/index.php\/wp-json\/wp\/v2\/product\/1730","targetHints":{"allow":["GET"]}}],"collection":[{"href":"https:\/\/editorabelieve.com.br\/index.php\/wp-json\/wp\/v2\/product"}],"about":[{"href":"https:\/\/editorabelieve.com.br\/index.php\/wp-json\/wp\/v2\/types\/product"}],"replies":[{"embeddable":true,"href":"https:\/\/editorabelieve.com.br\/index.php\/wp-json\/wp\/v2\/comments?post=1730"}],"wp:featuredmedia":[{"embeddable":true,"href":"https:\/\/editorabelieve.com.br\/index.php\/wp-json\/wp\/v2\/media\/1731"}],"wp:attachment":[{"href":"https:\/\/editorabelieve.com.br\/index.php\/wp-json\/wp\/v2\/media?parent=1730"}],"wp:term":[{"taxonomy":"product_brand","embeddable":true,"href":"https:\/\/editorabelieve.com.br\/index.php\/wp-json\/wp\/v2\/product_brand?post=1730"},{"taxonomy":"product_cat","embeddable":true,"href":"https:\/\/editorabelieve.com.br\/index.php\/wp-json\/wp\/v2\/product_cat?post=1730"},{"taxonomy":"product_tag","embeddable":true,"href":"https:\/\/editorabelieve.com.br\/index.php\/wp-json\/wp\/v2\/product_tag?post=1730"}],"curies":[{"name":"wp","href":"https:\/\/api.w.org\/{rel}","templated":true}]}}