{"id":1722,"date":"2025-03-14T13:16:58","date_gmt":"2025-03-14T16:16:58","guid":{"rendered":"https:\/\/editorabelieve.com.br\/?post_type=product&#038;p=1722"},"modified":"2025-03-14T13:16:58","modified_gmt":"2025-03-14T16:16:58","slug":"mente-saudavel-vida-plena-compreendendo-e-enfrentando-a-depressao","status":"publish","type":"product","link":"https:\/\/editorabelieve.com.br\/index.php\/produto\/mente-saudavel-vida-plena-compreendendo-e-enfrentando-a-depressao\/","title":{"rendered":"Mente Saud\u00e1vel, Vida Plena: Compreendendo e Enfrentando a Depress\u00e3o"},"content":{"rendered":"","protected":false},"excerpt":{"rendered":"<p>Autor: Edmilson Roque<br \/>\nP\u00e1ginas: 88<br \/>\nISBN: 978-65-01-27041-8<\/p>\n<p><strong>Mente Saud\u00e1vel, Vida Plena: Compreendendo e Enfrentando a Depress\u00e3o &#8220;<\/strong> \u00e9 um convite \u00e0 compreens\u00e3o e supera\u00e7\u00e3o de um dos maiores desafios da sa\u00fade mental: a depress\u00e3o. Em uma abordagem clara e abrangente, o livro explora desde as diferen\u00e7as entre tristeza e depress\u00e3o at\u00e9 os impactos de epidemias e pandemias na sa\u00fade emocional, destacando as etapas do luto e suas conex\u00f5es com a vida moderna.<\/p>\n<p>Voc\u00ea tamb\u00e9m encontrar\u00e1 reflex\u00f5es sobre sa\u00fade emocional, dicas pr\u00e1ticas para equilibrar corpo, mente e esp\u00edrito, e uma vis\u00e3o aprofundada das diferentes faces da depress\u00e3o, como a bipolaridade, a distimia e a depress\u00e3o sazonal.<\/p>\n<p>Mais do que um guia, esta obra \u00e9 um apoio indispens\u00e1vel para quem busca uma vida plena, enfrentando adversidades com resili\u00eancia e esperan\u00e7a. Descubra como investir em comportamentos positivos, alimenta\u00e7\u00e3o saud\u00e1vel e atividades prazerosas pode transformar sua sa\u00fade mental e trazer equil\u00edbrio para o seu dia a dia.<\/p>\n<p>Este livro \u00e9 para voc\u00ea que deseja entender melhor a depress\u00e3o ou ajudar algu\u00e9m pr\u00f3ximo a trilhar o caminho para uma mente saud\u00e1vel e uma vida mais feliz.<\/p>\n<p>&nbsp;<\/p>\n","protected":false},"featured_media":1710,"comment_status":"open","ping_status":"closed","template":"","meta":{"om_disable_all_campaigns":false,"_monsterinsights_skip_tracking":false,"_monsterinsights_sitenote_active":false,"_monsterinsights_sitenote_note":"","_monsterinsights_sitenote_category":0,"_kadence_starter_templates_imported_post":false,"_kad_post_transparent":"default","_kad_post_title":"","_kad_post_layout":"default","_kad_post_sidebar_id":"","_kad_post_content_style":"default","_kad_post_vertical_padding":"default","_kad_post_feature":"","_kad_post_feature_position":"","_kad_post_header":false,"_kad_post_footer":false,"_kad_post_classname":""},"product_brand":[],"product_cat":[20],"product_tag":[],"class_list":{"0":"post-1722","1":"product","2":"type-product","3":"status-publish","4":"has-post-thumbnail","6":"product_cat-livros","8":"first","9":"instock","10":"shipping-taxable","11":"purchasable","12":"product-type-simple","13":"entry","14":"content-bg","15":"loop-entry"},"aioseo_notices":[],"_links":{"self":[{"href":"https:\/\/editorabelieve.com.br\/index.php\/wp-json\/wp\/v2\/product\/1722","targetHints":{"allow":["GET"]}}],"collection":[{"href":"https:\/\/editorabelieve.com.br\/index.php\/wp-json\/wp\/v2\/product"}],"about":[{"href":"https:\/\/editorabelieve.com.br\/index.php\/wp-json\/wp\/v2\/types\/product"}],"replies":[{"embeddable":true,"href":"https:\/\/editorabelieve.com.br\/index.php\/wp-json\/wp\/v2\/comments?post=1722"}],"wp:featuredmedia":[{"embeddable":true,"href":"https:\/\/editorabelieve.com.br\/index.php\/wp-json\/wp\/v2\/media\/1710"}],"wp:attachment":[{"href":"https:\/\/editorabelieve.com.br\/index.php\/wp-json\/wp\/v2\/media?parent=1722"}],"wp:term":[{"taxonomy":"product_brand","embeddable":true,"href":"https:\/\/editorabelieve.com.br\/index.php\/wp-json\/wp\/v2\/product_brand?post=1722"},{"taxonomy":"product_cat","embeddable":true,"href":"https:\/\/editorabelieve.com.br\/index.php\/wp-json\/wp\/v2\/product_cat?post=1722"},{"taxonomy":"product_tag","embeddable":true,"href":"https:\/\/editorabelieve.com.br\/index.php\/wp-json\/wp\/v2\/product_tag?post=1722"}],"curies":[{"name":"wp","href":"https:\/\/api.w.org\/{rel}","templated":true}]}}