{"id":1649,"date":"2024-04-14T15:24:00","date_gmt":"2024-04-14T18:24:00","guid":{"rendered":"https:\/\/editorabelieve.com.br\/?post_type=product&#038;p=1649"},"modified":"2024-09-17T22:43:06","modified_gmt":"2024-09-18T01:43:06","slug":"reflexoes-de-cristo-sobre-a-sua-igreja","status":"publish","type":"product","link":"https:\/\/editorabelieve.com.br\/index.php\/produto\/reflexoes-de-cristo-sobre-a-sua-igreja\/","title":{"rendered":"Reflex\u00f5es de Cristo sobre a sua Igreja"},"content":{"rendered":"<p>Autor: Josivaldo Santos<br \/>\nP\u00e1ginas: 112<br \/>\nISBN: 9786500944440<\/p>\n<p>Nesta obra, o escritor alerta contra os pensamentos seculares que est\u00e3o ocorrendo em nossas igrejas. Diante das amea\u00e7as de se tornarem mundanas, as igrejas evang\u00e9licas fazem atividades religiosas em seus cultos, e n\u00e3o podem se concentrar em preencher os crentes numa atmosfera secular, com cultos, c\u00e2nticos e planejamentos eclesi\u00e1sticos, os quais t\u00eam se tornado um s\u00e9rio problema para a igreja dos dias atuais, quando n\u00e3o acompanhadas da veracidade\u00a0da\u00a0Palavra.<\/p>\n","protected":false},"excerpt":{"rendered":"<p>Autor: Josivaldo Santos P\u00e1ginas: 112 ISBN: 9786500944440 Nesta obra, o escritor alerta contra os pensamentos seculares que est\u00e3o ocorrendo em nossas igrejas. Diante das amea\u00e7as de se tornarem mundanas, as igrejas evang\u00e9licas fazem atividades religiosas em seus cultos, e n\u00e3o podem se concentrar em preencher os crentes numa atmosfera secular, com cultos, c\u00e2nticos e planejamentos&#8230;<\/p>\n","protected":false},"featured_media":1646,"comment_status":"open","ping_status":"closed","template":"","meta":{"om_disable_all_campaigns":false,"_monsterinsights_skip_tracking":false,"_monsterinsights_sitenote_active":false,"_monsterinsights_sitenote_note":"","_monsterinsights_sitenote_category":0,"_kadence_starter_templates_imported_post":false,"_kad_post_transparent":"default","_kad_post_title":"","_kad_post_layout":"default","_kad_post_sidebar_id":"","_kad_post_content_style":"default","_kad_post_vertical_padding":"default","_kad_post_feature":"","_kad_post_feature_position":"","_kad_post_header":false,"_kad_post_footer":false,"_kad_post_classname":""},"product_brand":[],"product_cat":[20],"product_tag":[],"class_list":{"0":"post-1649","1":"product","2":"type-product","3":"status-publish","4":"has-post-thumbnail","6":"product_cat-livros","8":"first","9":"instock","10":"shipping-taxable","11":"purchasable","12":"product-type-simple","13":"entry","14":"content-bg","15":"loop-entry"},"aioseo_notices":[],"_links":{"self":[{"href":"https:\/\/editorabelieve.com.br\/index.php\/wp-json\/wp\/v2\/product\/1649","targetHints":{"allow":["GET"]}}],"collection":[{"href":"https:\/\/editorabelieve.com.br\/index.php\/wp-json\/wp\/v2\/product"}],"about":[{"href":"https:\/\/editorabelieve.com.br\/index.php\/wp-json\/wp\/v2\/types\/product"}],"replies":[{"embeddable":true,"href":"https:\/\/editorabelieve.com.br\/index.php\/wp-json\/wp\/v2\/comments?post=1649"}],"wp:featuredmedia":[{"embeddable":true,"href":"https:\/\/editorabelieve.com.br\/index.php\/wp-json\/wp\/v2\/media\/1646"}],"wp:attachment":[{"href":"https:\/\/editorabelieve.com.br\/index.php\/wp-json\/wp\/v2\/media?parent=1649"}],"wp:term":[{"taxonomy":"product_brand","embeddable":true,"href":"https:\/\/editorabelieve.com.br\/index.php\/wp-json\/wp\/v2\/product_brand?post=1649"},{"taxonomy":"product_cat","embeddable":true,"href":"https:\/\/editorabelieve.com.br\/index.php\/wp-json\/wp\/v2\/product_cat?post=1649"},{"taxonomy":"product_tag","embeddable":true,"href":"https:\/\/editorabelieve.com.br\/index.php\/wp-json\/wp\/v2\/product_tag?post=1649"}],"curies":[{"name":"wp","href":"https:\/\/api.w.org\/{rel}","templated":true}]}}