{"id":1644,"date":"2024-04-14T15:08:42","date_gmt":"2024-04-14T18:08:42","guid":{"rendered":"https:\/\/editorabelieve.com.br\/?post_type=product&#038;p=1644"},"modified":"2024-09-17T22:36:35","modified_gmt":"2024-09-18T01:36:35","slug":"ensinando-hermeneutica-homileticamente-correto","status":"publish","type":"product","link":"https:\/\/editorabelieve.com.br\/index.php\/produto\/ensinando-hermeneutica-homileticamente-correto\/","title":{"rendered":"Ensinando Hermen\u00eautica Homileticamente Correto"},"content":{"rendered":"<p>Autor: Josivaldo Santos<br \/>\nP\u00e1ginas: 130<br \/>\nISBN: 9786500944433<\/p>\n<p>Ensinando Hermen\u00eautica Homileticamente Correto \u00e9 um convite do autor para o leitor repensar os conceitos sobre o texto, a leitura e interpreta\u00e7\u00e3o, e o significado. Um ponto central da obra \u00e9 a autoridade da B\u00edblia e a validade dela com o texto escrito. Sem d\u00favida uma \u00f3tima discuss\u00e3o dos desafios da hermen\u00eautica p\u00f3s-moderna, que rejeita a intencionalidade textual. Este material ser\u00e1 de grande interesse para professores, pastores e estudantes da B\u00edblia, pois, tem o prop\u00f3sito de ser um s\u00e1bio companheiro para toda a sua vida.<\/p>\n","protected":false},"excerpt":{"rendered":"<p>Autor: Josivaldo Santos P\u00e1ginas: 130 ISBN: 9786500944433 Ensinando Hermen\u00eautica Homileticamente Correto \u00e9 um convite do autor para o leitor repensar os conceitos sobre o texto, a leitura e interpreta\u00e7\u00e3o, e o significado. Um ponto central da obra \u00e9 a autoridade da B\u00edblia e a validade dela com o texto escrito. Sem d\u00favida uma \u00f3tima discuss\u00e3o&#8230;<\/p>\n","protected":false},"featured_media":1647,"comment_status":"open","ping_status":"closed","template":"","meta":{"om_disable_all_campaigns":false,"_monsterinsights_skip_tracking":false,"_monsterinsights_sitenote_active":false,"_monsterinsights_sitenote_note":"","_monsterinsights_sitenote_category":0,"_kadence_starter_templates_imported_post":false,"_kad_post_transparent":"default","_kad_post_title":"","_kad_post_layout":"default","_kad_post_sidebar_id":"","_kad_post_content_style":"default","_kad_post_vertical_padding":"default","_kad_post_feature":"","_kad_post_feature_position":"","_kad_post_header":false,"_kad_post_footer":false,"_kad_post_classname":""},"product_brand":[],"product_cat":[20],"product_tag":[],"class_list":{"0":"post-1644","1":"product","2":"type-product","3":"status-publish","4":"has-post-thumbnail","6":"product_cat-livros","8":"first","9":"instock","10":"shipping-taxable","11":"purchasable","12":"product-type-simple","13":"entry","14":"content-bg","15":"loop-entry"},"aioseo_notices":[],"_links":{"self":[{"href":"https:\/\/editorabelieve.com.br\/index.php\/wp-json\/wp\/v2\/product\/1644","targetHints":{"allow":["GET"]}}],"collection":[{"href":"https:\/\/editorabelieve.com.br\/index.php\/wp-json\/wp\/v2\/product"}],"about":[{"href":"https:\/\/editorabelieve.com.br\/index.php\/wp-json\/wp\/v2\/types\/product"}],"replies":[{"embeddable":true,"href":"https:\/\/editorabelieve.com.br\/index.php\/wp-json\/wp\/v2\/comments?post=1644"}],"wp:featuredmedia":[{"embeddable":true,"href":"https:\/\/editorabelieve.com.br\/index.php\/wp-json\/wp\/v2\/media\/1647"}],"wp:attachment":[{"href":"https:\/\/editorabelieve.com.br\/index.php\/wp-json\/wp\/v2\/media?parent=1644"}],"wp:term":[{"taxonomy":"product_brand","embeddable":true,"href":"https:\/\/editorabelieve.com.br\/index.php\/wp-json\/wp\/v2\/product_brand?post=1644"},{"taxonomy":"product_cat","embeddable":true,"href":"https:\/\/editorabelieve.com.br\/index.php\/wp-json\/wp\/v2\/product_cat?post=1644"},{"taxonomy":"product_tag","embeddable":true,"href":"https:\/\/editorabelieve.com.br\/index.php\/wp-json\/wp\/v2\/product_tag?post=1644"}],"curies":[{"name":"wp","href":"https:\/\/api.w.org\/{rel}","templated":true}]}}