{"id":1630,"date":"2024-02-25T18:32:30","date_gmt":"2024-02-25T21:32:30","guid":{"rendered":"https:\/\/editorabelieve.com.br\/?post_type=product&#038;p=1630"},"modified":"2024-04-14T16:09:44","modified_gmt":"2024-04-14T19:09:44","slug":"ministrando-a-igreja-hoje","status":"publish","type":"product","link":"https:\/\/editorabelieve.com.br\/index.php\/produto\/ministrando-a-igreja-hoje\/","title":{"rendered":"Ministrando \u00e0 Igreja Hoje"},"content":{"rendered":"","protected":false},"excerpt":{"rendered":"<p><strong> Ministrando \u00e0 Igreja Hoje<br \/>\n<\/strong>Autor: Josivaldo Santos<br \/>\nP\u00e1ginas: 106<br \/>\nISBN: 9786500817997<\/p>\n<p>Apesar da origem e do desenvolvimento grandioso da igreja, hoje vivemos dias dif\u00edceis. Com certeza, o Cristianismo enfrenta uma de suas piores crises desde os dias da sua funda\u00e7\u00e3o. Se, por um lado, o Cristianismo nunca foi t\u00e3o famoso, poderoso e numeroso, por outro ele nunca seria t\u00e3o desfalecido e t\u00e3o descaracterizado como \u00e9 hoje. Em meio as revolu\u00e7\u00f5es e inova\u00e7\u00f5es dos movimentos librais, neo-ortodoxos, pentecostais e neopentecostais, como saber qual \u00e9 o rumo a seguir? Diante de milhares de novas igrejas que surgem a todo momento, como saber qual \u00e9 a igreja verdadeira? Neste livro, queremos investigar os elementos b\u00edblicos que comp\u00f5em a igreja verdadeira.<\/p>\n","protected":false},"featured_media":1653,"comment_status":"open","ping_status":"closed","template":"","meta":{"om_disable_all_campaigns":false,"_monsterinsights_skip_tracking":false,"_monsterinsights_sitenote_active":false,"_monsterinsights_sitenote_note":"","_monsterinsights_sitenote_category":0,"_kadence_starter_templates_imported_post":false,"_kad_post_transparent":"default","_kad_post_title":"","_kad_post_layout":"default","_kad_post_sidebar_id":"","_kad_post_content_style":"default","_kad_post_vertical_padding":"default","_kad_post_feature":"","_kad_post_feature_position":"","_kad_post_header":false,"_kad_post_footer":false,"_kad_post_classname":""},"product_brand":[],"product_cat":[20],"product_tag":[],"class_list":{"0":"post-1630","1":"product","2":"type-product","3":"status-publish","4":"has-post-thumbnail","6":"product_cat-livros","8":"first","9":"instock","10":"shipping-taxable","11":"purchasable","12":"product-type-simple","13":"entry","14":"content-bg","15":"loop-entry"},"aioseo_notices":[],"_links":{"self":[{"href":"https:\/\/editorabelieve.com.br\/index.php\/wp-json\/wp\/v2\/product\/1630","targetHints":{"allow":["GET"]}}],"collection":[{"href":"https:\/\/editorabelieve.com.br\/index.php\/wp-json\/wp\/v2\/product"}],"about":[{"href":"https:\/\/editorabelieve.com.br\/index.php\/wp-json\/wp\/v2\/types\/product"}],"replies":[{"embeddable":true,"href":"https:\/\/editorabelieve.com.br\/index.php\/wp-json\/wp\/v2\/comments?post=1630"}],"wp:featuredmedia":[{"embeddable":true,"href":"https:\/\/editorabelieve.com.br\/index.php\/wp-json\/wp\/v2\/media\/1653"}],"wp:attachment":[{"href":"https:\/\/editorabelieve.com.br\/index.php\/wp-json\/wp\/v2\/media?parent=1630"}],"wp:term":[{"taxonomy":"product_brand","embeddable":true,"href":"https:\/\/editorabelieve.com.br\/index.php\/wp-json\/wp\/v2\/product_brand?post=1630"},{"taxonomy":"product_cat","embeddable":true,"href":"https:\/\/editorabelieve.com.br\/index.php\/wp-json\/wp\/v2\/product_cat?post=1630"},{"taxonomy":"product_tag","embeddable":true,"href":"https:\/\/editorabelieve.com.br\/index.php\/wp-json\/wp\/v2\/product_tag?post=1630"}],"curies":[{"name":"wp","href":"https:\/\/api.w.org\/{rel}","templated":true}]}}