{"id":1614,"date":"2024-02-25T17:45:43","date_gmt":"2024-02-25T20:45:43","guid":{"rendered":"https:\/\/editorabelieve.com.br\/?post_type=product&#038;p=1614"},"modified":"2024-02-25T17:55:05","modified_gmt":"2024-02-25T20:55:05","slug":"a-cura-do-esfriamento-espiritual-as-virtudes-teologais","status":"publish","type":"product","link":"https:\/\/editorabelieve.com.br\/index.php\/produto\/a-cura-do-esfriamento-espiritual-as-virtudes-teologais\/","title":{"rendered":"A Cura do Esfriamento Espiritual \u2013 As virtudes Teologais"},"content":{"rendered":"","protected":false},"excerpt":{"rendered":"<p><strong>A Cura &#8211; <\/strong>LAN\u00c7AMENTO<br \/>\nDo Esfriamento Espiritual &#8211; As Virtudes Teologias<br \/>\nAutor: Andr\u00e9 Lyra<br \/>\n80 P\u00e1ginas<br \/>\nISBN 9786500770537<\/p>\n<p>As batalhas da vida tornam-se mais evidentes \u00e0 medida que caminhamos de f\u00e9 em f\u00e9, e devemos seguir a orienta\u00e7\u00e3o b\u00edblica como bons soldados de Cristo se quisermos viver apaixonadamente nesta verdadeira cruzada em dire\u00e7\u00e3o ao C\u00e9u de Luz. O estresse e as dificuldades podem fazer com que qualquer pessoa se sinta desanimada e sem esperan\u00e7a. Por essa raz\u00e3o, devemos buscar for\u00e7a em Deus, O Todo-Poderoso, em quem h\u00e1 recursos ilimitados, por meio do Esp\u00edrito Santo para uma vida cheia de gra\u00e7a e poder celestial.<\/p>\n<p>A solu\u00e7\u00e3o que apresento nesta obra contra o esfriamento espiritual \u00e9 o incremento das tr\u00eas virtudes teologais, sendo for\u00e7as interiores, espirituais e afetivas. Essas virtudes poderosas s\u00e3o infundidas nos que creem no Salvador Jesus Cristo. Que Deus nos proteja do terr\u00edvel esfriamento espiritual, que desencaminha muitos, e permita que os enfermos sejam curados pelas virtudes Santas para Sua Eterna Gl\u00f3ria.<\/p>\n","protected":false},"featured_media":1617,"comment_status":"open","ping_status":"closed","template":"","meta":{"om_disable_all_campaigns":false,"_monsterinsights_skip_tracking":false,"_monsterinsights_sitenote_active":false,"_monsterinsights_sitenote_note":"","_monsterinsights_sitenote_category":0,"_kadence_starter_templates_imported_post":false,"_kad_post_transparent":"default","_kad_post_title":"","_kad_post_layout":"default","_kad_post_sidebar_id":"","_kad_post_content_style":"default","_kad_post_vertical_padding":"default","_kad_post_feature":"","_kad_post_feature_position":"","_kad_post_header":false,"_kad_post_footer":false,"_kad_post_classname":""},"product_brand":[],"product_cat":[20],"product_tag":[],"class_list":{"0":"post-1614","1":"product","2":"type-product","3":"status-publish","4":"has-post-thumbnail","6":"product_cat-livros","8":"first","9":"instock","10":"shipping-taxable","11":"purchasable","12":"product-type-simple","13":"entry","14":"content-bg","15":"loop-entry"},"aioseo_notices":[],"_links":{"self":[{"href":"https:\/\/editorabelieve.com.br\/index.php\/wp-json\/wp\/v2\/product\/1614","targetHints":{"allow":["GET"]}}],"collection":[{"href":"https:\/\/editorabelieve.com.br\/index.php\/wp-json\/wp\/v2\/product"}],"about":[{"href":"https:\/\/editorabelieve.com.br\/index.php\/wp-json\/wp\/v2\/types\/product"}],"replies":[{"embeddable":true,"href":"https:\/\/editorabelieve.com.br\/index.php\/wp-json\/wp\/v2\/comments?post=1614"}],"wp:featuredmedia":[{"embeddable":true,"href":"https:\/\/editorabelieve.com.br\/index.php\/wp-json\/wp\/v2\/media\/1617"}],"wp:attachment":[{"href":"https:\/\/editorabelieve.com.br\/index.php\/wp-json\/wp\/v2\/media?parent=1614"}],"wp:term":[{"taxonomy":"product_brand","embeddable":true,"href":"https:\/\/editorabelieve.com.br\/index.php\/wp-json\/wp\/v2\/product_brand?post=1614"},{"taxonomy":"product_cat","embeddable":true,"href":"https:\/\/editorabelieve.com.br\/index.php\/wp-json\/wp\/v2\/product_cat?post=1614"},{"taxonomy":"product_tag","embeddable":true,"href":"https:\/\/editorabelieve.com.br\/index.php\/wp-json\/wp\/v2\/product_tag?post=1614"}],"curies":[{"name":"wp","href":"https:\/\/api.w.org\/{rel}","templated":true}]}}